) = -34*v**2 - 12*v - 20. Let b(w) = -6*f(w) + 11*r(w). Let z be 3/9 + (-3)/((-9)/(-10)). List the prime factors of b(z).
5, 29
Let d = -1131 + 3041. What are the prime factors of d?
2, 5, 191
Suppose 0 = -5*s - 5*v + 35, 0*s - s - 2*v + 9 = 0. Suppose -11 = s*c - 86. Suppose -23*m + c*m + 280 = 0. List the prime factors of m.
5, 7
Let u(y) = 69*y**2 + 17*y - 635. List the prime factors of u(-26).
3, 61, 83
Suppose -328608 - 177453 = -27*g. List the prime factors of g.
18743
Suppose 0 = 2*o + 6*o + 24. Let m(s) = -s**3 - 3*s**2 - 2*s - 1. Let g be m(o). Suppose -320 - 625 = -g*n. List the prime factors of n.
3, 7
Let x(l) = -2*l**3 - 20*l**2 + 9*l - 10. Let w be x(-10). Let d = 159 + w. List the prime factors of d.
59
Let b(c) = c**2 - 7*c + 3. Let v be b(7). Let u(k) = 4*k**3 - 3 - 8*k + 5*k**2 + 4 + v. List the prime factors of u(3).
7, 19
Let m(p) = 3*p**2 - 14*p + 10. Let l be m(4). Suppose 16*r = 15*r - l. List the prime factors of r/(-4)*10*(-126)/(-10).
3, 7
Let x(u) = -3*u**3 - 40*u**2 - 12*u + 30. Let i be x(-13). Let r(c) = 2*c**2 - 3*c - 123. What are the prime factors of r(i)?
2, 101
Let h(f) = 26492*f**3 + 3*f**2 - 25*f + 23. What are the prime factors of h(1)?
3, 8831
Suppose -4*v - 2*b - 1 = b, -2*b = -2*v + 10. Suppose -4*d = 5*j - 795 - 1047, v*j = 4*d - 1856. List the prime factors of d.
463
Suppose -3 = -3*z - 3*w, 6 = z - 5*w - 1. Suppose -1366 + 850 = -4*k + k. Let y = z + k. List the prime factors of y.
2, 3, 29
Suppose 38325 = 3*k - 4*a, 27*k - 25*k - 2*a = 25550. What are the prime factors of k?
5, 7, 73
Suppose -2*r = 2*s + 10, -2*r - 8 + 28 = -4*s. Suppose h - 18 = -r*h - 3*v, v = 3*h - 4. Let m = h + 29. What are the prime factors of m?
2
Let o(t) = t**2 + 14*t - 21. Let g = -19 + 1. List the prime factors of o(g).
3, 17
Suppose -3*m + 4 = -m. Suppose 0 = -y + 3, 2*y - 12 = -m*k + k. Suppose 3*q + 32 = x, q + 25 = k*q. List the prime factors of x.
47
Let o(j) = 173*j**2 + 6*j + 219. What are the prime factors of o(11)?
2, 103
Suppose -2*n = 7*b - 11107 - 20006, 0 = 4*n + 2*b - 62286. What are the prime factors of n?
2, 13, 599
Suppose -59820 = -97*u + 82*u. List the prime factors of u.
2, 997
Let h be 12/((-70124)/(-17528) + -4). Suppose -2*s + h = 12*s. What are the prime factors of s?
2, 313
Let k be (-10)/(-40) - (-9369)/12. Suppose -4*j + 2477 = 3*s + k, -s - j + 564 = 0. What are the prime factors of s?
2, 5, 7
Suppose 0 = 4*k + 2*z - 27378, -4*k = 3*z - 8102 - 19273. List the prime factors of k.
2, 3, 7, 163
Let t = -23 + 23. Suppose -10 = -2*s - k, 0 = -5*s + 2*k - t*k + 16. List the prime factors of (-43 + 0/s)/(-1).
43
Let f be (1 - -1)*1*76. Let s be (10/(-35))/((-12)/1722). Let x = f - s. What are the prime factors of x?
3, 37
Let m = -13520 + 20923. What are the prime factors of m?
11, 673
Let l(i) = 532*i + 18. Let y be l(2). Suppose -4*m = -y - 386. What are the prime factors of m?
367
Let a(t) = 11*t**2 + 20*t + 638. What are the prime factors of a(60)?
2, 20719
Suppose 162 - 162 = 12*f. Suppose 4*g - 2281 = -3*l - 2*l, f = 4*g + l - 2261. List the prime factors of g.
2, 3, 47
Let z = 697 + -280. Let c = 113 + z. What are the prime factors of c?
2, 5, 53
Let w be (0 - (-2)/8) + (-26850)/40. Let o = w - -1208. List the prime factors of o.
3, 179
Let v(k) = 89*k**3 - k**2 + 5*k + 1. Let p be v(2). Let a = 286 + p. What are the prime factors of a?
3, 5, 67
Let u = 868 - 480. Let n be -36*(u/(-12) + 1). Suppose 62*i = 56*i + n. List the prime factors of i.
2, 47
Let h = -70 - -44. Let t = h + 77. Suppose 0 = -x + 6*f - f + t, 0 = f. What are the prime factors of x?
3, 17
Suppose -1315585 = -8565*i + 8522*i. What are the prime factors of i?
5, 29, 211
Let h be (23 - 25)*(-6)/4. Suppose 18*d - 864 = -4*g + 17*d, 0 = -2*g - h*d + 432. List the prime factors of g.
2, 3
Suppose 68*x = -p + 64*x + 16412, 0 = -2*x - 12. List the prime factors of p.
2, 7, 587
Let j = 11 + 28. Suppose 0*p = 4*n - 3*p + j, 0 = 4*p - 20. Let h(z) = 3*z**2 + 7*z + 4. List the prime factors of h(n).
2, 5, 7
Let p(l) = l**3 + 14*l**2 - 17*l - 31. Let v be p(-15). Let c be 11 - 30 - (-1 + (-2 - v)). Let f(u) = -3*u + 22. List the prime factors of f(c).
73
Suppose -2*p = -5*p - 6. Let a = p - 1. List the prime factors of (1 + a/12)*72.
2, 3
Let x = 155 + -161. What are the prime factors of (108/(-72))/((-1)/((-296)/x))?
2, 37
Let n(q) = 2*q**3 + 8*q**2 + q + 4. Let p be n(-4). Suppose 0 = -5*s - 3*v + 2375, 5*s - 2395 = v - p*v. What are the prime factors of s?
2, 239
Suppose -a + 20 = 12. What are the prime factors of (-10 - -2)*(-2)/(a/65)?
2, 5, 13
Let y(o) = -5*o**2 - 19*o - 24. Let t be y(-11). Let x = 853 - t. List the prime factors of x.
19, 67
Let l = -3 + 5. Suppose -m = -4*w - 11, -w + 5 = -2*m - l*w. List the prime factors of (-4 + (-33)/(-6))/(m/(-34)).
3, 17
Let g = -172 - -184. Suppose 4098 = g*f - 4494. What are the prime factors of f?
2, 179
Suppose 26*j + r + 5037 = 27*j, 0 = r + 5. List the prime factors of j.
2, 17, 37
Let a be -1*10*(-2)/(-4). What are the prime factors of 6*(185/(-3))/a?
2, 37
Let w be (252/27)/((-44)/(-21) - 2). Let i(n) = 34*n + w*n + 7*n + 10*n + 6. List the prime factors of i(1).
5, 31
Suppose 121*b = 121*b - j, 5*b + j = 26900. What are the prime factors of b?
2, 5, 269
Suppose -10*j + 75691 = -4239. List the prime factors of j.
7993
Let m(q) = -39*q - 111. Suppose -8*i - 33 - 63 = 0. What are the prime factors of m(i)?
3, 7, 17
Let l(d) = 3*d**2 - 3*d + 14. Suppose -23*x = 64 - 340. List the prime factors of l(x).
2, 5, 41
Suppose 0 = 17*r - 12*r - 315. Let b(x) = -59*x**3 + 123*x**3 - 1 + 12*x + 14*x**2 - r*x**3. What are the prime factors of b(-13)?
2, 3
Suppose -114*h - 153*h = 204*h - 6636390. What are the prime factors of h?
2, 5, 1409
Suppose 4*v - 3*p + 24 = 0, 2*v - 3*v - 21 = 3*p. Let s be 2/(-6)*(v - -3)*2. Suppose -35 = -g - 3*x, -s*g - 5*x = -171 + 45. List the prime factors of g.
29
Let m(p) = 2*p**3 - 19*p**2 + 8*p - 13. Let z be m(9). Let x(g) = g + 27. Let q be x(z). Suppose -2*o - q*o + 819 = 0. What are the prime factors of o?
3, 13
Let k(p) = 73*p**3 - 73*p**2 + 26*p + 74. What are the prime factors of k(10)?
2, 137, 241
Let l be 11240/6 + 152/(-114). Suppose 27*p = 21*p + l. What are the prime factors of p?
2, 3, 13
Let u(b) = 22*b**2 + 4. Let w be u(-2). Let i be (24/(-30))/(-2*1/10). Suppose -92 = -i*j + w. What are the prime factors of j?
2, 23
Suppose 25*a - 735 = 4*a. What are the prime factors of ((-46)/6)/(a/(-735))?
7, 23
Let w(f) be the second derivative of -21*f**3 + f**2 + 19*f. Let k be w(1). Let d = k - -251. What are the prime factors of d?
127
Let b = -52 + 54. What are the prime factors of ((-2)/b)/((-48)/40176)?
3, 31
Let i(l) = -30*l + 3. Let d(f) = f**2 - 3. Let g be d(7). Let v = g - 49. What are the prime factors of i(v)?
3, 31
Let k = 2762 + 32943. What are the prime factors of k?
5, 37, 193
Let c = -36920 - -66843. What are the prime factors of c?
23, 1301
Let s(z) = -12*z**2 + 3*z - 1. Let b(n) = -11*n**2 + 3*n - 2. Let k(f) = 2*b(f) - 3*s(f). Suppose -4 = -x, r - x + 2 = 2*r. What are the prime factors of k(r)?
61
Let g = -27 - -26. Let i be 3 - g/(-2)*2. List the prime factors of (29/i)/((-5)/(-10)).
29
Let d(b) = -705*b - 2894. List the prime factors of d(-21).
43, 277
Let c = -13974 - -19570. Suppose -161*l + 157*l + c = 0. What are the prime factors of l?
1399
Let z(a) = 10*a**2 + 11*a + 7. Let w = 224 - 233. What are the prime factors of z(w)?
2, 359
Let p(s) = -3 + 11*s**2 + 162*s + s**3 - 10 - 151*s. Let t be p(-9). Let g = t + 56. What are the prime factors of g?
2, 53
Suppose 0 = -5*c - 4*h + 9, 11*c + 2 = 13*c + 2*h. Suppose 0 = 4*k - c*z - 1540, 3*k - 275 - 877 = 3*z. List the prime factors of k.
2, 5, 19
Suppose 89 = -4*b + 5*a, 3*b - 4*b = 5*a + 16. Let y be (-7)/b*(-2 + 2). Suppose 5*j = q - 178, -4*q + y*j - 3*j + 827 = 0. What are the prime factors of q?
7, 29
List the prime factors of -6 - -10829 - -15*36/45.
5, 11, 197
Suppose 0 = 9*d - m - 269813, 2*m - 149891 = -8*d + 3*d. What are the prime factors of d?
3, 3331
Let b(i) be the third derivative of -i**6/120 - 11*i**5/60 + i**4/2 - 2*i**3/3 - 12*i**2. Let j be b(-12). Let v(s) = -30*s - 8. List the prime factors of v(j).
2, 7
Let y(o) = 11*o**2 - o + 114. Let g(s) = -24*s**2 +